alse
Is 31520045629 composite?
False
Is 2628227401 a composite number?
True
Is 81486359 a composite number?
False
Is 249736849 composite?
False
Is 1117588837 a prime number?
False
Is 10330627859 prime?
False
Is 52875635411 a prime number?
False
Is 112411753 composite?
False
Is 103804010327 composite?
True
Is 44895070583 composite?
True
Is 32001932021 a prime number?
True
Is 10279330273 a composite number?
False
Is 3786547 a prime number?
False
Is 82135151783 prime?
False
Is 28370381477 a composite number?
False
Is 31896022414 a composite number?
True
Is 7602998783 prime?
True
Is 3313520471 a prime number?
False
Is 153638153 a prime number?
False
Is 14967115687 prime?
True
Is 6272979953 prime?
False
Is 271098169 composite?
True
Is 138431515939 prime?
True
Is 805588891 prime?
False
Is 6276366209 composite?
True
Is 203755865813 composite?
False
Is 45417587521 prime?
False
Is 631255277 a prime number?
True
Is 914286433 prime?
True
Is 15771597623 composite?
False
Is 553123789 composite?
True
Is 341657773 composite?
True
Is 304867321001 a composite number?
False
Is 282590741 a prime number?
False
Is 687523454 prime?
False
Is 72372897409 prime?
True
Is 2802901037 prime?
True
Is 28996314047 composite?
True
Is 1479817099 prime?
True
Is 33790530119 composite?
False
Is 3611607205 prime?
False
Is 9136435411 a prime number?
True
Is 5928042167 prime?
True
Is 2432372431 prime?
True
Is 70493417 a prime number?
False
Is 12087208823 a composite number?
True
Is 18265422613 prime?
True
Is 15406666729 a prime number?
True
Is 10962443197 prime?
False
Is 3472423529 prime?
False
Is 6772908671 prime?
True
Is 21405376331 composite?
False
Is 8785563233 a prime number?
True
Is 1130706413 a composite number?
True
Is 555351082169 a prime number?
False
Is 3959070127 a composite number?
False
Is 1007547311 prime?
True
Is 5821322093 a prime number?
True
Is 521493251 composite?
False
Is 18071286734 composite?
True
Is 74150677 a composite number?
False
Is 934136611 prime?
False
Is 18093006673 composite?
True
Is 10802182861 a composite number?
False
Is 364666987 a composite number?
False
Is 336321233 a composite number?
False
Is 2646972547 a prime number?
True
Is 60820008109 prime?
False
Is 71445233567 a prime number?
False
Is 346334194 a composite number?
True
Is 319272923 prime?
True
Is 2253867349 a composite number?
True
Is 12402865493 prime?
False
Is 264174013 prime?
False
Is 2691165313 composite?
False
Is 2484931747 composite?
False
Is 4357271029 prime?
False
Is 2721269149 a composite number?
False
Is 349137557 prime?
True
Is 118193519 a prime number?
True
Is 878823833 composite?
False
Is 8233228307 a prime number?
False
Is 5159894849 prime?
True
Is 2618498633 composite?
False
Is 204118121 a prime number?
False
Is 8017405589 composite?
False
Is 248881973 prime?
False
Is 191269737863 a composite number?
False
Is 792374411 a prime number?
False
Is 3617173607 a composite number?
True
Is 28723434101 composite?
False
Is 11964679789 a prime number?
True
Is 11500421329 a composite number?
True
Is 19651378471 a prime number?
False
Is 1848124529 a composite number?
False
Is 170648207 a prime number?
True
Is 888729619 a composite number?
False
Is 1002012031 a prime number?
False
Is 16324574503 composite?
False
Is 45046583 prime?
False
Is 25590694297 composite?
True
Is 58904689 prime?
True
Is 45149156077 a prime number?
True
Is 242715347 composite?
True
Is 45971051549 prime?
True
Is 76512116771 a composite number?
False
Is 12863568301 prime?
False
Is 27362248607 a composite number?
True
Is 628766321 a composite number?
False
Is 14875001 a composite number?
False
Is 1414939027 a composite number?
True
Is 9883315157 a prime number?
True
Is 16886051111 a composite number?
False
Is 14961342293 a composite number?
True
Is 30847721221 prime?
False
Is 25238828101 prime?
True
Is 34546461997 prime?
True
Is 2145223699 a composite number?
True
Is 430819663 prime?
False
Is 323189179 a composite number?
False
Is 66445009 composite?
True
Is 162969901 composite?
False
Is 4691465719 a composite number?
True
Is 13117119101 prime?
False
Is 6400400491 a prime number?
True
Is 46003360007 a prime number?
False
Is 41492909 composite?
False
Is 5169179581 composite?
False
Is 509760857 a composite number?
True
Is 3886236479 a composite number?
False
Is 12635160899 prime?
True
Is 472888569227 a composite number?
False
Is 57959521293 prime?
False
Is 1074452083 composite?
True
Is 70761661 a composite number?
False
Is 60218218997 a composite number?
False
Is 9518417977 prime?
False
Is 7748831245 composite?
True
Is 34316380997 a composite number?
True
Is 189923950661 a prime number?
False
Is 7956949811 composite?
True
Is 2316151531 composite?
False
Is 2060435647 composite?
False
Is 71656059961 a prime number?
True
Is 50989536083 a prime number?
True
Is 5766915521 a prime number?
False
Is 730888283 a prime number?
False
Is 3618948719 prime?
True
Is 44750387729 a composite number?
True
Is 38542195661 composite?
False
Is 1397760809 composite?
False
Is 573866581 prime?
True
Is 566190617 prime?
True
Is 17532327983 prime?
True
Is 8281985665 composite?
True
Is 603584351 a composite number?
False
Is 156501343 a composite number?
True
Is 2742184153 composite?
False
Is 24143524667 a composite number?
False
Is 1522517459 prime?
True
Is 115973887 a composite number?
True
Is 4799845957 prime?
True
Is 21977254631 a prime number?
True
Is 234135987 a composite number?
True
Is 9720661579 prime?
True
Is 109400982553 prime?
False
Is 5086938977 composite?
True
Is 389039851 composite?
False
Is 8381441165 a prime number?
False
Is 592903261 a composite number?
True
Is 4141420681 prime?
False
Is 2095333711 composite?
False
Is 20388957709 a composite number?
True
Is 260121047 prime?
True
Is 1582277135 composite?
True
Is 487004201 a prime number?
False
Is 1015040009 composite?
True
Is 2095309331 a composite number?
False
Is 3546264409 prime?
True
Is 46450406887 a prime number?
True
Is 1004996207 a prime number?
True
Is 246942749 composite?
True
Is 217874927 a prime number?
False
Is 114333130321 prime?
False
Is 372351673 a composite number?
False
Is 3177296623 prime?
True
Is 20707359026 a composite number?
True
Is 1719356231 prime?
False
Is 4747958107 a composite number?
True
Is 28135318643 prime?
False
Is 13924480642 prime?
False
Is 17991070481 prime?
False
Is 718765109 prime?
True
Is 29138118749 a composite number?
False
Is 1176835937 prime?
True
Is 97026203 a prime number?
True
Is 25422219133 a composite number?
False
Is 23313641701 a composite number?
True
Is 92373133 a composite number?
False
Is 8528833301 a composite number?
False
Is 1135514543 prime?
False
Is 2147101529 a composite number?
True
Is 3238267733 a prime number?
True
Is 20566430437 a composite number?
True
Is 445932881 a prime number?
False
Is 6610592969 prime?
True
Is 17353628741 prime?
False
Is 4928757437 composite?
True
Is 13551916603 a prime number?
False
Is 127145189 a composite number?
False
Is 3898290343 a composite number?
False
Is 699536693 composite?
False
Is 20837220601 a prime number?
False
Is 15593762263 a prime number?
True
Is 65984779423 composite?
False
Is 4020625255 a composite number?
True
Is 9267098681 composite?
False
Is 454458373 a composite number?
True
Is 820425523 prime?
False
Is 1190844313 prime?
False
Is 966787439 a composite number?
False
Is 8314568749 a prime number?
True
Is 1191490901 a prime number?
False
Is 1124125183 a prime number?
True
Is 1376901077 composite?
True
Is 2155350331 composite?
True
Is 17028337 prime?
False
Is 2979316801 a prime number?
True
Is 235567471147 prime?
False
Is 3582783419 a prime number?
True
Is 33036951953 composite?
True
Is 38362164877 a composite number?
False
Is 24434775641 composite?
True
Is 362049679 a composite number?
True
Is 781130605 a composite number?
True
Is 296637061 a composite number?
True
Is 3542637617 prime?
True
Is 1488602515 a prime number?
False
Is 6987227059 prime?
True
Is 67861849 a prime number?
False
Is 5537774885 composite?
True
Is 16145491309 composite?
True
Is 10106241121 a prime number?
False
Is 35991430421 a prime number?
True
Is 3276217941 composite?
True
Is 144082653779 a composite number?
False
Is 1413920503 prime?
False
Is 782640769 prime?
True
Is 1532601359 a prime number?
Fa